200 and 64?
64
What is the highest common divisor of 3710 and 2647750?
70
Calculate the highest common factor of 5847215 and 56375.
2255
Calculate the highest common divisor of 8372 and 3319820.
644
Calculate the greatest common factor of 7482 and 441594.
6
What is the greatest common factor of 11177330 and 851?
37
What is the greatest common divisor of 631199 and 437?
19
What is the highest common divisor of 424 and 342166198?
106
Calculate the greatest common factor of 356055 and 217.
7
What is the highest common factor of 23825438 and 455?
91
Calculate the greatest common divisor of 310317824 and 2304.
256
What is the highest common factor of 58121628 and 5340?
1068
What is the greatest common divisor of 1662498 and 17442?
918
Calculate the highest common divisor of 117760 and 1679.
23
Calculate the greatest common factor of 3015 and 857600.
335
What is the highest common divisor of 61890318 and 147?
21
What is the highest common factor of 1495 and 154192?
23
What is the highest common factor of 98859 and 779179?
1063
What is the greatest common divisor of 345 and 14045433?
69
What is the greatest common factor of 2904079 and 22131?
2459
What is the highest common divisor of 8325 and 73591150?
925
Calculate the greatest common factor of 1929460 and 910.
130
What is the greatest common factor of 6858730 and 530?
530
What is the highest common factor of 43653432 and 43656?
2568
What is the highest common divisor of 45826 and 1533088?
4166
Calculate the greatest common divisor of 97333 and 289379.
131
What is the greatest common factor of 49174 and 437966?
46
Calculate the greatest common factor of 240 and 1611930.
30
What is the greatest common divisor of 642 and 2088105?
321
Calculate the greatest common factor of 1830 and 481490.
10
What is the greatest common divisor of 265 and 427722720?
265
Calculate the greatest common factor of 4120 and 40394540.
2060
What is the greatest common factor of 3552 and 1707402?
222
What is the greatest common divisor of 13400 and 123209784?
536
What is the highest common divisor of 10600790 and 946?
86
Calculate the highest common factor of 129198153 and 10971.
3657
Calculate the greatest common divisor of 28406537 and 4276.
1069
What is the greatest common factor of 300531 and 184503?
33
Calculate the highest common divisor of 1124 and 15720545.
281
What is the greatest common factor of 13080 and 672990?
30
Calculate the greatest common divisor of 994 and 2204337.
71
What is the highest common factor of 1356291 and 744327?
1719
What is the highest common factor of 2308702 and 22440?
374
What is the greatest common factor of 8 and 121186664?
8
Calculate the greatest common divisor of 119445978 and 510.
102
Calculate the greatest common factor of 29157 and 14865.
3
Calculate the greatest common divisor of 1670635 and 1135.
5
Calculate the greatest common divisor of 10575 and 1608669.
423
What is the highest common divisor of 1312 and 3476768?
32
Calculate the greatest common factor of 2025496 and 2816.
88
Calculate the highest common divisor of 25974392 and 8.
8
What is the greatest common divisor of 11330096 and 48?
16
Calculate the greatest common divisor of 930 and 200307585.
465
Calculate the highest common divisor of 2592009 and 2086.
7
Calculate the greatest common divisor of 44718 and 130761.
87
What is the greatest common divisor of 3935 and 238345?
5
Calculate the greatest common divisor of 21814 and 6460300.
1678
What is the highest common divisor of 42330447 and 4806?
801
Calculate the highest common divisor of 143 and 320879.
13
What is the highest common factor of 63 and 1357419?
21
What is the greatest common factor of 934605 and 480?
15
Calculate the highest common factor of 15 and 461206860.
15
What is the highest common divisor of 2118887 and 17331?
53
What is the highest common factor of 165374336 and 32?
32
What is the greatest common divisor of 192 and 989107?
1
Calculate the greatest common factor of 154 and 595247807.
77
Calculate the highest common factor of 24539010 and 13590.
4530
What is the greatest common divisor of 211954318 and 2872?
718
Calculate the greatest common factor of 95663 and 320171.
353
Calculate the greatest common divisor of 46878 and 136546599.
1803
Calculate the highest common divisor of 9112 and 65728273.
1139
Calculate the greatest common divisor of 2928 and 14729304.
1464
What is the highest common factor of 469968339 and 6882?
3441
Calculate the greatest common factor of 2839189 and 3496.
437
What is the highest common factor of 275485 and 665?
35
What is the greatest common divisor of 1464 and 1106304?
24
Calculate the greatest common divisor of 7027587 and 32319.
3591
Calculate the greatest common divisor of 44795008 and 640.
128
What is the highest common divisor of 66 and 2231442?
6
Calculate the greatest common divisor of 35223296 and 3122.
446
What is the greatest common factor of 9136276 and 3944?
1972
What is the highest common factor of 2660 and 317320?
20
Calculate the highest common divisor of 547 and 3787975.
547
What is the greatest common divisor of 2181933 and 837369?
1989
What is the greatest common divisor of 4811120 and 27760?
80
Calculate the highest common divisor of 19525310 and 20.
10
Calculate the greatest common divisor of 6156 and 17461684.
76
What is the highest common divisor of 739778 and 159655?
37
What is the highest common divisor of 528655183 and 4123?
4123
What is the greatest common factor of 134845960 and 80?
40
What is the highest common factor of 43 and 477687258?
43
Calculate the highest common divisor of 33047406 and 1036.
14
What is the highest common divisor of 16 and 75350032?
16
Calculate the greatest common factor of 1705300 and 20.
20
What is the highest common factor of 1650 and 2327263950?
1650
Calculate the greatest common factor of 35546748 and 2532.
2532
What is the highest common divisor of 2979361 and 77?
77
Calculate the greatest common divisor of 118408340 and 40.
20
What is the highest common factor of 500740 and 26?
2
Calculate the highest common divisor of 42210 and 6255270.
630
What is the highest common factor of 3271136731 and 2351?
2351
What is the highest common divisor of 52115 and 445760441?
10423
Calculate the highest common divisor of 306714 and 2116959.
1581
Calculate the highest common factor of 526 and 32040238.
526
Calculate the greatest common divisor of 624 and 757301688.
312
Calculate the highest common divisor of 4 and 508412.
4
Calculate the highest common factor of 33 and 1534126.
11
What is the greatest common factor of 1211607 and 51?
51
Calculate the highest common divisor of 622976 and 12874.
314
Calculate the highest common factor of 936 and 2905734.
78
Calculate the greatest common divisor of 25 and 3156025.
25
What is the greatest common factor of 912 and 354352?
16
Calculate the greatest common divisor of 25781 and 3303419.
203
Calculate the highest common divisor of 21292836 and 84.
12
Calculate the greatest common factor of 3703 and 1478729.
7
Calculate the highest common divisor of 1540 and 7223293.
77
What is the greatest common factor of 280 and 156475?
5
What is the highest common divisor of 49536 and 3468672?
1152
What is the highest common divisor of 445400416 and 24?
8
Calculate the highest common factor of 1032 and 5351694.
258
Calculate the highest common divisor of 261172 and 1186.
2
What is the greatest common factor of 79173 and 86868?
171
What is the greatest common divisor of 89658 and 21930?
102
What is the greatest common divisor of 222099230 and 10?
10
Calculate the highest common factor of 37401 and 89817.
273
Calculate the highest common divisor of 22 and 122555565.
11
Calculate the highest common divisor of 561 and 1158531.
33
What is the greatest common divisor of 3032 and 3876791?
379
Calculate the greatest common divisor of 1183138 and 20086.
242
Calculate the highest common divisor of 139714976 and 18802.
2686
Calculate the greatest common divisor of 159536891 and 153.
17
What is the highest common factor of 32676 and 57816681?
1167
Calculate the highest common factor of 15175 and 6157514225.
15175
Calculate the greatest common factor of 34180502 and 63774.
2362
What is the greatest common factor of 147032149 and 22?
11
Calculate the greatest com